{"id":39,"date":"2012-10-29T21:02:37","date_gmt":"2012-10-29T19:02:37","guid":{"rendered":"http:\/\/www.newjoyce.de\/?page_id=39"},"modified":"2024-07-09T18:47:57","modified_gmt":"2024-07-09T16:47:57","slug":"impressum","status":"publish","type":"page","link":"https:\/\/www.newjoyce.de\/?page_id=39","title":{"rendered":"Impressum"},"content":{"rendered":"<p>newJoyce e.V.<\/p>\n<p>Robert-Koch-Weg 4<br \/>\n71032 B\u00f6blingen<\/p>\n<p>Tel. 07031\/232631<\/p>\n<p>Amtsgericht Stuttgart, VR 241860<\/p>\n<p>Vertretungsberechtigte Vorst\u00e4nde:<\/p>\n<ul>\n<li>Nicole Dittrich<br \/>\nRobert-Koch-Weg 4<br \/>\n71032 B\u00f6blingen<\/li>\n<li>Thomas Kugler<\/li>\n<li>Anja Kr\u00f6ner<\/li>\n<li>Andreas Moser<\/li>\n<\/ul>\n<p>E-Mail<br \/>\n<a href=\"mailto:vorstand@newjoyce.de\">vorstand@newjoyce.de<\/a><\/p>\n<p>Trotz sorgf\u00e4ltiger Kontrolle \u00fcbernehmen wir keine Haftung f\u00fcr die Inhalte externer Links.<br \/>\nF\u00fcr den Inhalt der verlinkten Seiten sind ausschlie\u00dflich deren Betreiber verantwortlich.<\/p>\n<p style=\"text-align: right;\">Mitglieder\u00a0<a title=\"Login\" href=\"http:\/\/www.newjoyce.de\/wp-login.php\">Login<\/a><\/p>\n","protected":false},"excerpt":{"rendered":"<p>newJoyce e.V. Robert-Koch-Weg 4 71032 B\u00f6blingen Tel. 07031\/232631 Amtsgericht Stuttgart, VR 241860 Vertretungsberechtigte Vorst\u00e4nde: Nicole Dittrich Robert-Koch-Weg 4 71032 B\u00f6blingen Thomas Kugler Anja Kr\u00f6ner Andreas Moser E-Mail vorstand@newjoyce.de Trotz sorgf\u00e4ltiger Kontrolle \u00fcbernehmen wir keine Haftung f\u00fcr die Inhalte externer Links. F\u00fcr den Inhalt der verlinkten Seiten sind ausschlie\u00dflich deren Betreiber verantwortlich. Mitglieder\u00a0Login<\/p>\n","protected":false},"author":1,"featured_media":0,"parent":0,"menu_order":0,"comment_status":"closed","ping_status":"open","template":"","meta":{"jetpack_post_was_ever_published":false,"footnotes":""},"class_list":["post-39","page","type-page","status-publish","hentry","post"],"jetpack_shortlink":"https:\/\/wp.me\/P481Cw-D","jetpack_sharing_enabled":true,"_links":{"self":[{"href":"https:\/\/www.newjoyce.de\/index.php?rest_route=\/wp\/v2\/pages\/39","targetHints":{"allow":["GET"]}}],"collection":[{"href":"https:\/\/www.newjoyce.de\/index.php?rest_route=\/wp\/v2\/pages"}],"about":[{"href":"https:\/\/www.newjoyce.de\/index.php?rest_route=\/wp\/v2\/types\/page"}],"author":[{"embeddable":true,"href":"https:\/\/www.newjoyce.de\/index.php?rest_route=\/wp\/v2\/users\/1"}],"replies":[{"embeddable":true,"href":"https:\/\/www.newjoyce.de\/index.php?rest_route=%2Fwp%2Fv2%2Fcomments&post=39"}],"version-history":[{"count":22,"href":"https:\/\/www.newjoyce.de\/index.php?rest_route=\/wp\/v2\/pages\/39\/revisions"}],"predecessor-version":[{"id":2389,"href":"https:\/\/www.newjoyce.de\/index.php?rest_route=\/wp\/v2\/pages\/39\/revisions\/2389"}],"wp:attachment":[{"href":"https:\/\/www.newjoyce.de\/index.php?rest_route=%2Fwp%2Fv2%2Fmedia&parent=39"}],"curies":[{"name":"wp","href":"https:\/\/api.w.org\/{rel}","templated":true}]}}